{"id":359,"date":"2026-04-02T12:07:39","date_gmt":"2026-04-02T12:07:39","guid":{"rendered":"https:\/\/minat.azdigi.shop\/?page_id=359"},"modified":"2026-04-02T12:30:00","modified_gmt":"2026-04-02T12:30:00","slug":"minats-ourcandle","status":"publish","type":"page","link":"https:\/\/minat.azdigi.shop\/?page_id=359","title":{"rendered":"Minat&#8217;s ourcandle"},"content":{"rendered":"\r\n<p class=\"has-text-align-center has-background\" style=\"background-color: #e0cdb1; text-align: center;\"><strong>Feel like magic<\/strong><\/p>\r\n\r\n<p data-start=\"72\" data-end=\"275\">N\u1ebfn th\u01a1m kh\u00f4ng ch\u1ec9 l\u00e0 \u00e1nh s\u00e1ng, m\u00e0 c\u00f2n l\u00e0 m\u1ed9t tr\u1ea3i nghi\u1ec7m c\u1ea3m x\u00fac. S\u1ef1 k\u1ebft h\u1ee3p h\u00e0i h\u00f2a gi\u1eefa m\u00f9i h\u01b0\u01a1ng, thi\u1ebft k\u1ebf v\u00e0 ch\u1ea5t l\u01b0\u1ee3ng gi\u00fap b\u1ea1n th\u01b0 gi\u00e3n, s\u1ea3ng kho\u00e1i v\u00e0 t\u1ea1o n\u00ean d\u1ea5u \u1ea5n ri\u00eang cho kh\u00f4ng gian s\u1ed1ng.<\/p>\r\n<p data-start=\"277\" data-end=\"478\">S\u1ea3n ph\u1ea9m c\u1ee7a Minat c\u00f3 h\u01b0\u01a1ng th\u01a1m d\u1ecbu nh\u1eb9, kh\u00f4ng qu\u00e1 n\u1ed3ng. Nguy\u00ean li\u1ec7u \u0111\u01b0\u1ee3c ch\u1ecdn l\u1ecdc k\u1ef9 l\u01b0\u1ee1ng, an to\u00e0n v\u00e0 th\u00e2n thi\u1ec7n, \u01b0u ti\u00ean th\u00e0nh ph\u1ea7n t\u1eeb thi\u00ean nhi\u00ean, n\u00f3i kh\u00f4ng v\u1edbi m\u00f9i h\u01b0\u01a1ng h\u00f3a h\u1ecdc g\u00e2y kh\u00f3 ch\u1ecbu.<\/p>\r\n<p data-start=\"480\" data-end=\"691\">Kh\u00f4ng ch\u1ec9 c\u00f3 n\u1ebfn th\u01a1m, Minat c\u00f2n mang \u0111\u1ebfn nhi\u1ec1u s\u1ea3n ph\u1ea9m kh\u00e1c nh\u01b0 bath bomb, ph\u00f9 h\u1ee3p v\u1edbi nhi\u1ec1u nhu c\u1ea7u v\u00e0 phong c\u00e1ch kh\u00e1c nhau. M\u1ed7i s\u1ea3n ph\u1ea9m \u0111\u1ec1u \u0111\u01b0\u1ee3c ch\u0103m ch\u00fat \u0111\u1ec3 mang l\u1ea1i c\u1ea3m gi\u00e1c tho\u1ea3i m\u00e1i v\u00e0 \u0111\u00e1ng nh\u1edb.<\/p>\r\n<p data-start=\"693\" data-end=\"923\">Ngo\u00e0i vi\u1ec7c l\u00e0m \u0111\u1eb9p cho kh\u00f4ng gian c\u1ee7a ch\u00ednh m\u00ecnh, b\u1ea1n c\u0169ng c\u00f3 th\u1ec3 l\u1ef1a ch\u1ecdn nh\u1eefng set qu\u00e0 t\u1eeb Minat \u0111\u1ec3 t\u1eb7ng b\u1ea1n b\u00e8 ho\u1eb7c ng\u01b0\u1eddi th\u00e2n v\u00e0o c\u00e1c d\u1ecbp \u0111\u1eb7c bi\u1ec7t. Minat lu\u00f4n s\u1eb5n s\u00e0ng h\u1ed7 tr\u1ee3 v\u00e0 t\u01b0 v\u1ea5n \u0111\u1ec3 b\u1ea1n ch\u1ecdn \u0111\u01b0\u1ee3c m\u00f3n qu\u00e0 ph\u00f9 h\u1ee3p nh\u1ea5t.<\/p>\r\n\r\n<figure class=\"wp-block-image size-full\"><img loading=\"lazy\" decoding=\"async\" width=\"736\" height=\"1016\" class=\"wp-image-166\" src=\"https:\/\/minat.azdigi.shop\/wp-content\/uploads\/2026\/01\/tai-xuong-1.jpg\" alt=\"\" srcset=\"https:\/\/minat.azdigi.shop\/wp-content\/uploads\/2026\/01\/tai-xuong-1.jpg 736w, https:\/\/minat.azdigi.shop\/wp-content\/uploads\/2026\/01\/tai-xuong-1-217x300.jpg 217w, https:\/\/minat.azdigi.shop\/wp-content\/uploads\/2026\/01\/tai-xuong-1-600x828.jpg 600w\" sizes=\"auto, (max-width: 736px) 100vw, 736px\" \/><\/figure>\r\n&nbsp;\r\n\r\n<a href=\"https:\/\/firstsight.vn\/cong-dung-nen-thom?srsltid=AfmBOorqvhTgfFeWQMKoOuj-g-XzJaT3Z5US7mE8vnE3FqANrQcauhk-\">https:\/\/firstsight.vn\/cong-dung-nen-thom?srsltid=AfmBOorqvhTgfFeWQMKoOuj-g-XzJaT3Z5US7mE8vnE3FqANrQcauhk-<\/a>\r\n\r\n","protected":false},"excerpt":{"rendered":"<p>Feel like magic N\u1ebfn th\u01a1m kh\u00f4ng ch\u1ec9 l\u00e0 \u00e1nh s\u00e1ng, m\u00e0 c\u00f2n l\u00e0 m\u1ed9t tr\u1ea3i nghi\u1ec7m c\u1ea3m x\u00fac. S\u1ef1 k\u1ebft h\u1ee3p h\u00e0i h\u00f2a gi\u1eefa m\u00f9i h\u01b0\u01a1ng, thi\u1ebft k\u1ebf v\u00e0 ch\u1ea5t l\u01b0\u1ee3ng gi\u00fap b\u1ea1n th\u01b0 gi\u00e3n, s\u1ea3ng kho\u00e1i v\u00e0 t\u1ea1o n\u00ean d\u1ea5u \u1ea5n ri\u00eang cho kh\u00f4ng gian s\u1ed1ng. S\u1ea3n ph\u1ea9m c\u1ee7a Minat c\u00f3 h\u01b0\u01a1ng th\u01a1m d\u1ecbu [&#8230;]\n","protected":false},"author":1,"featured_media":0,"parent":0,"menu_order":0,"comment_status":"closed","ping_status":"closed","template":"","meta":{"footnotes":""},"class_list":["post-359","page","type-page","status-publish","hentry"],"yoast_head":"<!-- This site is optimized with the Yoast SEO plugin v27.1.1 - https:\/\/yoast.com\/product\/yoast-seo-wordpress\/ -->\n<title>Minat&#039;s ourcandle - Minat ourcandle<\/title>\n<meta name=\"description\" content=\"Ngo\u00e0i vi\u1ec7c l\u00e0m \u0111\u1eb9p cho kh\u00f4ng gian c\u1ee7a ch\u00ednh m\u00ecnh, b\u1ea1n c\u0169ng c\u00f3 th\u1ec3 l\u1ef1a ch\u1ecdn nh\u1eefng set qu\u00e0 t\u1eeb Minat \u0111\u1ec3 t\u1eb7ng b\u1ea1n b\u00e8 ho\u1eb7c ng\u01b0\u1eddi th\u00e2n.\" \/>\n<meta name=\"robots\" content=\"index, follow, max-snippet:-1, max-image-preview:large, max-video-preview:-1\" \/>\n<link rel=\"canonical\" href=\"https:\/\/minat.azdigi.shop\/?page_id=359\" \/>\n<meta property=\"og:locale\" content=\"vi_VN\" \/>\n<meta property=\"og:type\" content=\"article\" \/>\n<meta property=\"og:title\" content=\"Minat&#039;s ourcandle - Minat ourcandle\" \/>\n<meta property=\"og:description\" content=\"Ngo\u00e0i vi\u1ec7c l\u00e0m \u0111\u1eb9p cho kh\u00f4ng gian c\u1ee7a ch\u00ednh m\u00ecnh, b\u1ea1n c\u0169ng c\u00f3 th\u1ec3 l\u1ef1a ch\u1ecdn nh\u1eefng set qu\u00e0 t\u1eeb Minat \u0111\u1ec3 t\u1eb7ng b\u1ea1n b\u00e8 ho\u1eb7c ng\u01b0\u1eddi th\u00e2n.\" \/>\n<meta property=\"og:url\" content=\"https:\/\/minat.azdigi.shop\/?page_id=359\" \/>\n<meta property=\"og:site_name\" content=\"Minat ourcandle\" \/>\n<meta property=\"article:modified_time\" content=\"2026-04-02T12:30:00+00:00\" \/>\n<meta property=\"og:image\" content=\"https:\/\/minat.azdigi.shop\/wp-content\/uploads\/2026\/01\/tai-xuong-1.jpg\" \/>\n\t<meta property=\"og:image:width\" content=\"736\" \/>\n\t<meta property=\"og:image:height\" content=\"1016\" \/>\n\t<meta property=\"og:image:type\" content=\"image\/jpeg\" \/>\n<meta name=\"twitter:card\" content=\"summary_large_image\" \/>\n<meta name=\"twitter:label1\" content=\"\u01af\u1edbc t\u00ednh th\u1eddi gian \u0111\u1ecdc\" \/>\n\t<meta name=\"twitter:data1\" content=\"2 ph\u00fat\" \/>\n<script type=\"application\/ld+json\" class=\"yoast-schema-graph\">{\"@context\":\"https:\/\/schema.org\",\"@graph\":[{\"@type\":\"WebPage\",\"@id\":\"https:\/\/minat.azdigi.shop\/?page_id=359\",\"url\":\"https:\/\/minat.azdigi.shop\/?page_id=359\",\"name\":\"Minat's ourcandle - Minat ourcandle\",\"isPartOf\":{\"@id\":\"https:\/\/minat.azdigi.shop\/#website\"},\"primaryImageOfPage\":{\"@id\":\"https:\/\/minat.azdigi.shop\/?page_id=359#primaryimage\"},\"image\":{\"@id\":\"https:\/\/minat.azdigi.shop\/?page_id=359#primaryimage\"},\"thumbnailUrl\":\"https:\/\/minat.azdigi.shop\/wp-content\/uploads\/2026\/01\/tai-xuong-1.jpg\",\"datePublished\":\"2026-04-02T12:07:39+00:00\",\"dateModified\":\"2026-04-02T12:30:00+00:00\",\"description\":\"Ngo\u00e0i vi\u1ec7c l\u00e0m \u0111\u1eb9p cho kh\u00f4ng gian c\u1ee7a ch\u00ednh m\u00ecnh, b\u1ea1n c\u0169ng c\u00f3 th\u1ec3 l\u1ef1a ch\u1ecdn nh\u1eefng set qu\u00e0 t\u1eeb Minat \u0111\u1ec3 t\u1eb7ng b\u1ea1n b\u00e8 ho\u1eb7c ng\u01b0\u1eddi th\u00e2n.\",\"breadcrumb\":{\"@id\":\"https:\/\/minat.azdigi.shop\/?page_id=359#breadcrumb\"},\"inLanguage\":\"vi\",\"potentialAction\":[{\"@type\":\"ReadAction\",\"target\":[\"https:\/\/minat.azdigi.shop\/?page_id=359\"]}]},{\"@type\":\"ImageObject\",\"inLanguage\":\"vi\",\"@id\":\"https:\/\/minat.azdigi.shop\/?page_id=359#primaryimage\",\"url\":\"https:\/\/minat.azdigi.shop\/wp-content\/uploads\/2026\/01\/tai-xuong-1.jpg\",\"contentUrl\":\"https:\/\/minat.azdigi.shop\/wp-content\/uploads\/2026\/01\/tai-xuong-1.jpg\",\"width\":736,\"height\":1016},{\"@type\":\"BreadcrumbList\",\"@id\":\"https:\/\/minat.azdigi.shop\/?page_id=359#breadcrumb\",\"itemListElement\":[{\"@type\":\"ListItem\",\"position\":1,\"name\":\"Trang ch\u1ee7\",\"item\":\"https:\/\/minat.azdigi.shop\/\"},{\"@type\":\"ListItem\",\"position\":2,\"name\":\"Minat&#8217;s ourcandle\"}]},{\"@type\":\"WebSite\",\"@id\":\"https:\/\/minat.azdigi.shop\/#website\",\"url\":\"https:\/\/minat.azdigi.shop\/\",\"name\":\"Minat ourcandle\",\"description\":\"\",\"potentialAction\":[{\"@type\":\"SearchAction\",\"target\":{\"@type\":\"EntryPoint\",\"urlTemplate\":\"https:\/\/minat.azdigi.shop\/?s={search_term_string}\"},\"query-input\":{\"@type\":\"PropertyValueSpecification\",\"valueRequired\":true,\"valueName\":\"search_term_string\"}}],\"inLanguage\":\"vi\"}]}<\/script>\n<!-- \/ Yoast SEO plugin. -->","yoast_head_json":{"title":"Minat's ourcandle - Minat ourcandle","description":"Ngo\u00e0i vi\u1ec7c l\u00e0m \u0111\u1eb9p cho kh\u00f4ng gian c\u1ee7a ch\u00ednh m\u00ecnh, b\u1ea1n c\u0169ng c\u00f3 th\u1ec3 l\u1ef1a ch\u1ecdn nh\u1eefng set qu\u00e0 t\u1eeb Minat \u0111\u1ec3 t\u1eb7ng b\u1ea1n b\u00e8 ho\u1eb7c ng\u01b0\u1eddi th\u00e2n.","robots":{"index":"index","follow":"follow","max-snippet":"max-snippet:-1","max-image-preview":"max-image-preview:large","max-video-preview":"max-video-preview:-1"},"canonical":"https:\/\/minat.azdigi.shop\/?page_id=359","og_locale":"vi_VN","og_type":"article","og_title":"Minat's ourcandle - Minat ourcandle","og_description":"Ngo\u00e0i vi\u1ec7c l\u00e0m \u0111\u1eb9p cho kh\u00f4ng gian c\u1ee7a ch\u00ednh m\u00ecnh, b\u1ea1n c\u0169ng c\u00f3 th\u1ec3 l\u1ef1a ch\u1ecdn nh\u1eefng set qu\u00e0 t\u1eeb Minat \u0111\u1ec3 t\u1eb7ng b\u1ea1n b\u00e8 ho\u1eb7c ng\u01b0\u1eddi th\u00e2n.","og_url":"https:\/\/minat.azdigi.shop\/?page_id=359","og_site_name":"Minat ourcandle","article_modified_time":"2026-04-02T12:30:00+00:00","og_image":[{"width":736,"height":1016,"url":"https:\/\/minat.azdigi.shop\/wp-content\/uploads\/2026\/01\/tai-xuong-1.jpg","type":"image\/jpeg"}],"twitter_card":"summary_large_image","twitter_misc":{"\u01af\u1edbc t\u00ednh th\u1eddi gian \u0111\u1ecdc":"2 ph\u00fat"},"schema":{"@context":"https:\/\/schema.org","@graph":[{"@type":"WebPage","@id":"https:\/\/minat.azdigi.shop\/?page_id=359","url":"https:\/\/minat.azdigi.shop\/?page_id=359","name":"Minat's ourcandle - Minat ourcandle","isPartOf":{"@id":"https:\/\/minat.azdigi.shop\/#website"},"primaryImageOfPage":{"@id":"https:\/\/minat.azdigi.shop\/?page_id=359#primaryimage"},"image":{"@id":"https:\/\/minat.azdigi.shop\/?page_id=359#primaryimage"},"thumbnailUrl":"https:\/\/minat.azdigi.shop\/wp-content\/uploads\/2026\/01\/tai-xuong-1.jpg","datePublished":"2026-04-02T12:07:39+00:00","dateModified":"2026-04-02T12:30:00+00:00","description":"Ngo\u00e0i vi\u1ec7c l\u00e0m \u0111\u1eb9p cho kh\u00f4ng gian c\u1ee7a ch\u00ednh m\u00ecnh, b\u1ea1n c\u0169ng c\u00f3 th\u1ec3 l\u1ef1a ch\u1ecdn nh\u1eefng set qu\u00e0 t\u1eeb Minat \u0111\u1ec3 t\u1eb7ng b\u1ea1n b\u00e8 ho\u1eb7c ng\u01b0\u1eddi th\u00e2n.","breadcrumb":{"@id":"https:\/\/minat.azdigi.shop\/?page_id=359#breadcrumb"},"inLanguage":"vi","potentialAction":[{"@type":"ReadAction","target":["https:\/\/minat.azdigi.shop\/?page_id=359"]}]},{"@type":"ImageObject","inLanguage":"vi","@id":"https:\/\/minat.azdigi.shop\/?page_id=359#primaryimage","url":"https:\/\/minat.azdigi.shop\/wp-content\/uploads\/2026\/01\/tai-xuong-1.jpg","contentUrl":"https:\/\/minat.azdigi.shop\/wp-content\/uploads\/2026\/01\/tai-xuong-1.jpg","width":736,"height":1016},{"@type":"BreadcrumbList","@id":"https:\/\/minat.azdigi.shop\/?page_id=359#breadcrumb","itemListElement":[{"@type":"ListItem","position":1,"name":"Trang ch\u1ee7","item":"https:\/\/minat.azdigi.shop\/"},{"@type":"ListItem","position":2,"name":"Minat&#8217;s ourcandle"}]},{"@type":"WebSite","@id":"https:\/\/minat.azdigi.shop\/#website","url":"https:\/\/minat.azdigi.shop\/","name":"Minat ourcandle","description":"","potentialAction":[{"@type":"SearchAction","target":{"@type":"EntryPoint","urlTemplate":"https:\/\/minat.azdigi.shop\/?s={search_term_string}"},"query-input":{"@type":"PropertyValueSpecification","valueRequired":true,"valueName":"search_term_string"}}],"inLanguage":"vi"}]}},"_links":{"self":[{"href":"https:\/\/minat.azdigi.shop\/index.php?rest_route=\/wp\/v2\/pages\/359","targetHints":{"allow":["GET"]}}],"collection":[{"href":"https:\/\/minat.azdigi.shop\/index.php?rest_route=\/wp\/v2\/pages"}],"about":[{"href":"https:\/\/minat.azdigi.shop\/index.php?rest_route=\/wp\/v2\/types\/page"}],"author":[{"embeddable":true,"href":"https:\/\/minat.azdigi.shop\/index.php?rest_route=\/wp\/v2\/users\/1"}],"replies":[{"embeddable":true,"href":"https:\/\/minat.azdigi.shop\/index.php?rest_route=%2Fwp%2Fv2%2Fcomments&post=359"}],"version-history":[{"count":3,"href":"https:\/\/minat.azdigi.shop\/index.php?rest_route=\/wp\/v2\/pages\/359\/revisions"}],"predecessor-version":[{"id":364,"href":"https:\/\/minat.azdigi.shop\/index.php?rest_route=\/wp\/v2\/pages\/359\/revisions\/364"}],"wp:attachment":[{"href":"https:\/\/minat.azdigi.shop\/index.php?rest_route=%2Fwp%2Fv2%2Fmedia&parent=359"}],"curies":[{"name":"wp","href":"https:\/\/api.w.org\/{rel}","templated":true}]}}