{"id":281,"date":"2026-03-24T14:34:54","date_gmt":"2026-03-24T14:34:54","guid":{"rendered":"https:\/\/minat.azdigi.shop\/?post_type=product&#038;p=281"},"modified":"2026-04-02T12:49:17","modified_gmt":"2026-04-02T12:49:17","slug":"peach-candle","status":"publish","type":"product","link":"https:\/\/minat.azdigi.shop\/?product=peach-candle","title":{"rendered":"Peach Candle: N\u1ebfn h\u01b0\u01a1ng \u0111\u00e0o"},"content":{"rendered":"<p data-start=\"84\" data-end=\"303\">N\u1ebfn th\u01a1m Peach Candle mang h\u01b0\u01a1ng \u0111\u00e0o ng\u1ecdt d\u1ecbu, m\u1ec1m m\u1ea1i v\u00e0 t\u01b0\u01a1i t\u1eafn.<\/p>\n<p data-start=\"84\" data-end=\"303\">L\u1ea5y c\u1ea3m h\u1ee9ng t\u1eeb s\u1eafc h\u1ed3ng t\u1ef1 nhi\u00ean c\u1ee7a qu\u1ea3 \u0111\u00e0o, h\u0169 n\u1ebfn \u0111\u01b0\u1ee3c thi\u1ebft k\u1ebf t\u1ed1i gi\u1ea3n nh\u01b0ng tinh t\u1ebf, ph\u00f9 h\u1ee3p \u0111\u1ec3 trang tr\u00ed kh\u00f4ng gian s\u1ed1ng ho\u1eb7c l\u00e0m qu\u00e0 t\u1eb7ng.<\/p>\n<p data-start=\"305\" data-end=\"436\">Khi th\u1eafp l\u00ean, n\u1ebfn th\u01a1m Peach Candle lan t\u1ecfa m\u00f9i h\u01b0\u01a1ng nh\u1eb9 nh\u00e0ng, g\u1ee3i c\u1ea3m gi\u00e1c th\u01b0 gi\u00e3n v\u00e0 d\u1ec5 ch\u1ecbu nh\u01b0 nh\u1eefng ng\u00e0y h\u00e8 trong tr\u1ebbo.<\/p>\n<p data-start=\"438\" data-end=\"543\">H\u01b0\u01a1ng th\u01a1m kh\u00f4ng qu\u00e1 n\u1ed3ng, th\u00edch h\u1ee3p \u0111\u1ec3 ngh\u1ec9 ng\u01a1i, h\u1ecdc t\u1eadp ho\u1eb7c t\u1ea1o n\u00ean m\u1ed9t kh\u00f4ng gian \u1ea5m \u00e1p v\u00e0 d\u1ecbu d\u00e0ng.<\/p>\n<p data-start=\"220\" data-end=\"320\"><a href=\"https:\/\/minat.azdigi.shop\/?p=88\">https:\/\/minat.azdigi.shop\/?p=88<\/a><\/p>\n<p data-start=\"220\" data-end=\"320\"><a href=\"https:\/\/henygarden.com\/blogs\/nen-thom-cao-cap\/huong-dan-cach-dot-nen-thom-dung-cach?srsltid=AfmBOoo5VS8CdwJ1Zva5OZGanqK9HSZVNn3xMREGJXFjcBCGfQFnqyhD\">https:\/\/henygarden.com\/blogs\/nen-thom-cao-cap\/huong-dan-cach-dot-nen-thom-dung-cach?srsltid=AfmBOoo5VS8CdwJ1Zva5OZGanqK9HSZVNn3xMREGJXFjcBCGfQFnqyhD<\/a><\/p>\n","protected":false},"excerpt":{"rendered":"<p>N\u1ebfn th\u01a1m Peach Candle mang h\u01b0\u01a1ng \u0111\u00e0o ng\u1ecdt d\u1ecbu, m\u1ec1m m\u1ea1i v\u00e0 t\u01b0\u01a1i t\u1eafn. L\u1ea5y c\u1ea3m h\u1ee9ng t\u1eeb s\u1eafc h\u1ed3ng t\u1ef1 nhi\u00ean c\u1ee7a qu\u1ea3 \u0111\u00e0o, h\u0169 n\u1ebfn \u0111\u01b0\u1ee3c thi\u1ebft k\u1ebf t\u1ed1i gi\u1ea3n nh\u01b0ng tinh t\u1ebf, ph\u00f9 h\u1ee3p \u0111\u1ec3 trang tr\u00ed kh\u00f4ng gian s\u1ed1ng ho\u1eb7c l\u00e0m qu\u00e0 t\u1eb7ng. Khi th\u1eafp l\u00ean, n\u1ebfn th\u01a1m Peach Candle lan [&#8230;]\n","protected":false},"featured_media":282,"comment_status":"open","ping_status":"closed","template":"","meta":[],"product_brand":[],"product_cat":[19,28],"product_tag":[],"class_list":{"0":"post-281","1":"product","2":"type-product","3":"status-publish","4":"has-post-thumbnail","6":"product_cat-https-minat-azdigi-shop-best-seller","7":"product_cat-fruit-whisper","9":"first","10":"instock","11":"sale","12":"shipping-taxable","13":"purchasable","14":"product-type-simple"},"yoast_head":"<!-- This site is optimized with the Yoast SEO plugin v27.1.1 - https:\/\/yoast.com\/product\/yoast-seo-wordpress\/ -->\n<title>Peach Candle: N\u1ebfn h\u01b0\u01a1ng \u0111\u00e0o - Minat ourcandle<\/title>\n<meta name=\"description\" content=\"N\u1ebfn th\u01a1m Peach Candle mang h\u01b0\u01a1ng \u0111\u00e0o ng\u1ecdt d\u1ecbu, m\u1ec1m m\u1ea1i v\u00e0 t\u01b0\u01a1i t\u1eafn. H\u01b0\u01a1ng th\u01a1m kh\u00f4ng qu\u00e1 n\u1ed3ng, ph\u00f9 h\u1ee3p \u0111\u1ec3 ngh\u1ec9 ng\u01a1i, h\u1ecdc t\u1eadp.\" \/>\n<meta name=\"robots\" content=\"index, follow, max-snippet:-1, max-image-preview:large, max-video-preview:-1\" \/>\n<link rel=\"canonical\" href=\"https:\/\/minat.azdigi.shop\/?product=peach-candle\" \/>\n<meta property=\"og:locale\" content=\"vi_VN\" \/>\n<meta property=\"og:type\" content=\"article\" \/>\n<meta property=\"og:title\" content=\"Peach Candle: N\u1ebfn h\u01b0\u01a1ng \u0111\u00e0o - Minat ourcandle\" \/>\n<meta property=\"og:description\" content=\"N\u1ebfn th\u01a1m Peach Candle mang h\u01b0\u01a1ng \u0111\u00e0o ng\u1ecdt d\u1ecbu, m\u1ec1m m\u1ea1i v\u00e0 t\u01b0\u01a1i t\u1eafn. H\u01b0\u01a1ng th\u01a1m kh\u00f4ng qu\u00e1 n\u1ed3ng, ph\u00f9 h\u1ee3p \u0111\u1ec3 ngh\u1ec9 ng\u01a1i, h\u1ecdc t\u1eadp.\" \/>\n<meta property=\"og:url\" content=\"https:\/\/minat.azdigi.shop\/?product=peach-candle\" \/>\n<meta property=\"og:site_name\" content=\"Minat ourcandle\" \/>\n<meta property=\"article:modified_time\" content=\"2026-04-02T12:49:17+00:00\" \/>\n<meta property=\"og:image\" content=\"https:\/\/minat.azdigi.shop\/wp-content\/uploads\/2026\/03\/tai-xuong-20.jpg\" \/>\n\t<meta property=\"og:image:width\" content=\"736\" \/>\n\t<meta property=\"og:image:height\" content=\"736\" \/>\n\t<meta property=\"og:image:type\" content=\"image\/jpeg\" \/>\n<meta name=\"twitter:card\" content=\"summary_large_image\" \/>\n<meta name=\"twitter:label1\" content=\"\u01af\u1edbc t\u00ednh th\u1eddi gian \u0111\u1ecdc\" \/>\n\t<meta name=\"twitter:data1\" content=\"1 ph\u00fat\" \/>\n<script type=\"application\/ld+json\" class=\"yoast-schema-graph\">{\"@context\":\"https:\/\/schema.org\",\"@graph\":[{\"@type\":\"WebPage\",\"@id\":\"https:\/\/minat.azdigi.shop\/?product=peach-candle\",\"url\":\"https:\/\/minat.azdigi.shop\/?product=peach-candle\",\"name\":\"Peach Candle: N\u1ebfn h\u01b0\u01a1ng \u0111\u00e0o - Minat ourcandle\",\"isPartOf\":{\"@id\":\"https:\/\/minat.azdigi.shop\/#website\"},\"primaryImageOfPage\":{\"@id\":\"https:\/\/minat.azdigi.shop\/?product=peach-candle#primaryimage\"},\"image\":{\"@id\":\"https:\/\/minat.azdigi.shop\/?product=peach-candle#primaryimage\"},\"thumbnailUrl\":\"https:\/\/minat.azdigi.shop\/wp-content\/uploads\/2026\/03\/tai-xuong-20.jpg\",\"datePublished\":\"2026-03-24T14:34:54+00:00\",\"dateModified\":\"2026-04-02T12:49:17+00:00\",\"description\":\"N\u1ebfn th\u01a1m Peach Candle mang h\u01b0\u01a1ng \u0111\u00e0o ng\u1ecdt d\u1ecbu, m\u1ec1m m\u1ea1i v\u00e0 t\u01b0\u01a1i t\u1eafn. H\u01b0\u01a1ng th\u01a1m kh\u00f4ng qu\u00e1 n\u1ed3ng, ph\u00f9 h\u1ee3p \u0111\u1ec3 ngh\u1ec9 ng\u01a1i, h\u1ecdc t\u1eadp.\",\"breadcrumb\":{\"@id\":\"https:\/\/minat.azdigi.shop\/?product=peach-candle#breadcrumb\"},\"inLanguage\":\"vi\",\"potentialAction\":[{\"@type\":\"ReadAction\",\"target\":[\"https:\/\/minat.azdigi.shop\/?product=peach-candle\"]}]},{\"@type\":\"ImageObject\",\"inLanguage\":\"vi\",\"@id\":\"https:\/\/minat.azdigi.shop\/?product=peach-candle#primaryimage\",\"url\":\"https:\/\/minat.azdigi.shop\/wp-content\/uploads\/2026\/03\/tai-xuong-20.jpg\",\"contentUrl\":\"https:\/\/minat.azdigi.shop\/wp-content\/uploads\/2026\/03\/tai-xuong-20.jpg\",\"width\":736,\"height\":736},{\"@type\":\"BreadcrumbList\",\"@id\":\"https:\/\/minat.azdigi.shop\/?product=peach-candle#breadcrumb\",\"itemListElement\":[{\"@type\":\"ListItem\",\"position\":1,\"name\":\"Trang ch\u1ee7\",\"item\":\"https:\/\/minat.azdigi.shop\/\"},{\"@type\":\"ListItem\",\"position\":2,\"name\":\"C\u1eeda h\u00e0ng\",\"item\":\"https:\/\/minat.azdigi.shop\/?page_id=94\"},{\"@type\":\"ListItem\",\"position\":3,\"name\":\"Peach Candle: N\u1ebfn h\u01b0\u01a1ng \u0111\u00e0o\"}]},{\"@type\":\"WebSite\",\"@id\":\"https:\/\/minat.azdigi.shop\/#website\",\"url\":\"https:\/\/minat.azdigi.shop\/\",\"name\":\"Minat ourcandle\",\"description\":\"\",\"potentialAction\":[{\"@type\":\"SearchAction\",\"target\":{\"@type\":\"EntryPoint\",\"urlTemplate\":\"https:\/\/minat.azdigi.shop\/?s={search_term_string}\"},\"query-input\":{\"@type\":\"PropertyValueSpecification\",\"valueRequired\":true,\"valueName\":\"search_term_string\"}}],\"inLanguage\":\"vi\"}]}<\/script>\n<!-- \/ Yoast SEO plugin. -->","yoast_head_json":{"title":"Peach Candle: N\u1ebfn h\u01b0\u01a1ng \u0111\u00e0o - Minat ourcandle","description":"N\u1ebfn th\u01a1m Peach Candle mang h\u01b0\u01a1ng \u0111\u00e0o ng\u1ecdt d\u1ecbu, m\u1ec1m m\u1ea1i v\u00e0 t\u01b0\u01a1i t\u1eafn. H\u01b0\u01a1ng th\u01a1m kh\u00f4ng qu\u00e1 n\u1ed3ng, ph\u00f9 h\u1ee3p \u0111\u1ec3 ngh\u1ec9 ng\u01a1i, h\u1ecdc t\u1eadp.","robots":{"index":"index","follow":"follow","max-snippet":"max-snippet:-1","max-image-preview":"max-image-preview:large","max-video-preview":"max-video-preview:-1"},"canonical":"https:\/\/minat.azdigi.shop\/?product=peach-candle","og_locale":"vi_VN","og_type":"article","og_title":"Peach Candle: N\u1ebfn h\u01b0\u01a1ng \u0111\u00e0o - Minat ourcandle","og_description":"N\u1ebfn th\u01a1m Peach Candle mang h\u01b0\u01a1ng \u0111\u00e0o ng\u1ecdt d\u1ecbu, m\u1ec1m m\u1ea1i v\u00e0 t\u01b0\u01a1i t\u1eafn. H\u01b0\u01a1ng th\u01a1m kh\u00f4ng qu\u00e1 n\u1ed3ng, ph\u00f9 h\u1ee3p \u0111\u1ec3 ngh\u1ec9 ng\u01a1i, h\u1ecdc t\u1eadp.","og_url":"https:\/\/minat.azdigi.shop\/?product=peach-candle","og_site_name":"Minat ourcandle","article_modified_time":"2026-04-02T12:49:17+00:00","og_image":[{"width":736,"height":736,"url":"https:\/\/minat.azdigi.shop\/wp-content\/uploads\/2026\/03\/tai-xuong-20.jpg","type":"image\/jpeg"}],"twitter_card":"summary_large_image","twitter_misc":{"\u01af\u1edbc t\u00ednh th\u1eddi gian \u0111\u1ecdc":"1 ph\u00fat"},"schema":{"@context":"https:\/\/schema.org","@graph":[{"@type":"WebPage","@id":"https:\/\/minat.azdigi.shop\/?product=peach-candle","url":"https:\/\/minat.azdigi.shop\/?product=peach-candle","name":"Peach Candle: N\u1ebfn h\u01b0\u01a1ng \u0111\u00e0o - Minat ourcandle","isPartOf":{"@id":"https:\/\/minat.azdigi.shop\/#website"},"primaryImageOfPage":{"@id":"https:\/\/minat.azdigi.shop\/?product=peach-candle#primaryimage"},"image":{"@id":"https:\/\/minat.azdigi.shop\/?product=peach-candle#primaryimage"},"thumbnailUrl":"https:\/\/minat.azdigi.shop\/wp-content\/uploads\/2026\/03\/tai-xuong-20.jpg","datePublished":"2026-03-24T14:34:54+00:00","dateModified":"2026-04-02T12:49:17+00:00","description":"N\u1ebfn th\u01a1m Peach Candle mang h\u01b0\u01a1ng \u0111\u00e0o ng\u1ecdt d\u1ecbu, m\u1ec1m m\u1ea1i v\u00e0 t\u01b0\u01a1i t\u1eafn. H\u01b0\u01a1ng th\u01a1m kh\u00f4ng qu\u00e1 n\u1ed3ng, ph\u00f9 h\u1ee3p \u0111\u1ec3 ngh\u1ec9 ng\u01a1i, h\u1ecdc t\u1eadp.","breadcrumb":{"@id":"https:\/\/minat.azdigi.shop\/?product=peach-candle#breadcrumb"},"inLanguage":"vi","potentialAction":[{"@type":"ReadAction","target":["https:\/\/minat.azdigi.shop\/?product=peach-candle"]}]},{"@type":"ImageObject","inLanguage":"vi","@id":"https:\/\/minat.azdigi.shop\/?product=peach-candle#primaryimage","url":"https:\/\/minat.azdigi.shop\/wp-content\/uploads\/2026\/03\/tai-xuong-20.jpg","contentUrl":"https:\/\/minat.azdigi.shop\/wp-content\/uploads\/2026\/03\/tai-xuong-20.jpg","width":736,"height":736},{"@type":"BreadcrumbList","@id":"https:\/\/minat.azdigi.shop\/?product=peach-candle#breadcrumb","itemListElement":[{"@type":"ListItem","position":1,"name":"Trang ch\u1ee7","item":"https:\/\/minat.azdigi.shop\/"},{"@type":"ListItem","position":2,"name":"C\u1eeda h\u00e0ng","item":"https:\/\/minat.azdigi.shop\/?page_id=94"},{"@type":"ListItem","position":3,"name":"Peach Candle: N\u1ebfn h\u01b0\u01a1ng \u0111\u00e0o"}]},{"@type":"WebSite","@id":"https:\/\/minat.azdigi.shop\/#website","url":"https:\/\/minat.azdigi.shop\/","name":"Minat ourcandle","description":"","potentialAction":[{"@type":"SearchAction","target":{"@type":"EntryPoint","urlTemplate":"https:\/\/minat.azdigi.shop\/?s={search_term_string}"},"query-input":{"@type":"PropertyValueSpecification","valueRequired":true,"valueName":"search_term_string"}}],"inLanguage":"vi"}]}},"_links":{"self":[{"href":"https:\/\/minat.azdigi.shop\/index.php?rest_route=\/wp\/v2\/product\/281","targetHints":{"allow":["GET"]}}],"collection":[{"href":"https:\/\/minat.azdigi.shop\/index.php?rest_route=\/wp\/v2\/product"}],"about":[{"href":"https:\/\/minat.azdigi.shop\/index.php?rest_route=\/wp\/v2\/types\/product"}],"replies":[{"embeddable":true,"href":"https:\/\/minat.azdigi.shop\/index.php?rest_route=%2Fwp%2Fv2%2Fcomments&post=281"}],"wp:featuredmedia":[{"embeddable":true,"href":"https:\/\/minat.azdigi.shop\/index.php?rest_route=\/wp\/v2\/media\/282"}],"wp:attachment":[{"href":"https:\/\/minat.azdigi.shop\/index.php?rest_route=%2Fwp%2Fv2%2Fmedia&parent=281"}],"wp:term":[{"taxonomy":"product_brand","embeddable":true,"href":"https:\/\/minat.azdigi.shop\/index.php?rest_route=%2Fwp%2Fv2%2Fproduct_brand&post=281"},{"taxonomy":"product_cat","embeddable":true,"href":"https:\/\/minat.azdigi.shop\/index.php?rest_route=%2Fwp%2Fv2%2Fproduct_cat&post=281"},{"taxonomy":"product_tag","embeddable":true,"href":"https:\/\/minat.azdigi.shop\/index.php?rest_route=%2Fwp%2Fv2%2Fproduct_tag&post=281"}],"curies":[{"name":"wp","href":"https:\/\/api.w.org\/{rel}","templated":true}]}}