{"id":310,"date":"2026-03-27T15:46:04","date_gmt":"2026-03-27T15:46:04","guid":{"rendered":"https:\/\/minat.azdigi.shop\/?post_type=product&#038;p=310"},"modified":"2026-04-02T11:01:08","modified_gmt":"2026-04-02T11:01:08","slug":"candy-bomb","status":"publish","type":"product","link":"https:\/\/minat.azdigi.shop\/?product=candy-bomb","title":{"rendered":"Candy Bomb"},"content":{"rendered":"<p data-start=\"288\" data-end=\"590\">N\u1ebfu b\u1ea1n y\u00eau th\u00edch nh\u1eefng m\u00f9i h\u01b0\u01a1ng ng\u1ecdt ng\u00e0o v\u00e0 mu\u1ed1n bi\u1ebfn bu\u1ed5i t\u1eafm tr\u1edf n\u00ean th\u00fa v\u1ecb h\u01a1n, <strong data-start=\"374\" data-end=\"398\">Candy Bomb Bath Bomb<\/strong> ch\u1eafc ch\u1eafn l\u00e0 l\u1ef1a ch\u1ecdn ho\u00e0n h\u1ea3o. L\u1ea5y c\u1ea3m h\u1ee9ng t\u1eeb nh\u1eefng vi\u00ean k\u1eb9o ng\u1ecdt \u0111\u00e1ng y\u00eau, s\u1ea3n ph\u1ea9m mang \u0111\u1ebfn tr\u1ea3i nghi\u1ec7m t\u1eafm b\u1ed3n th\u01b0 gi\u00e3n v\u1edbi h\u01b0\u01a1ng th\u01a1m d\u1ec5 ch\u1ecbu v\u00e0 c\u1ea3m gi\u00e1c \u201ccute\u201d ngay t\u1eeb l\u1ea7n \u0111\u1ea7u s\u1eed d\u1ee5ng.<\/p>\n<p data-start=\"592\" data-end=\"920\">Khi th\u1ea3 v\u00e0o b\u1ed3n t\u1eafm, <strong data-start=\"613\" data-end=\"637\">Candy Bomb Bath Bomb<\/strong> b\u1eaft \u0111\u1ea7u s\u1ee7i b\u1ecdt nh\u1eb9 v\u00e0 tan d\u1ea7n trong n\u01b0\u1edbc. L\u1edbp b\u1ecdt m\u1ecbn t\u1ea1o c\u1ea3m gi\u00e1c th\u01b0 gi\u00e3n, \u0111\u1ed3ng th\u1eddi h\u01b0\u01a1ng th\u01a1m lan t\u1ecfa ng\u1ecdt d\u1ecbu nh\u01b0 k\u1eb9o, gi\u00fap b\u1ea1n c\u1ea3m th\u1ea5y tho\u1ea3i m\u00e1i v\u00e0 vui v\u1ebb h\u01a1n. M\u00f9i h\u01b0\u01a1ng kh\u00f4ng qu\u00e1 g\u1eaft m\u00e0 nh\u1eb9 nh\u00e0ng, ph\u00f9 h\u1ee3p v\u1edbi nh\u1eefng ai th\u00edch vibe ng\u1ecdt ng\u00e0o nh\u01b0ng v\u1eabn d\u1ec5 ch\u1ecbu, kh\u00f4ng g\u00e2y ng\u1ea5y.<\/p>\n<p data-start=\"922\" data-end=\"1285\"><strong data-start=\"922\" data-end=\"946\">Candy Bomb Bath Bomb<\/strong> r\u1ea5t th\u00edch h\u1ee3p \u0111\u1ec3 d\u00f9ng v\u00e0o nh\u1eefng ng\u00e0y b\u1ea1n c\u1ea7n \u201c\u0111\u1ed5i mood\u201d ho\u1eb7c mu\u1ed1n t\u1ef1 th\u01b0\u1edfng cho b\u1ea3n th\u00e2n sau m\u1ed9t ng\u00e0y m\u1ec7t m\u1ecfi. Ch\u1ec9 c\u1ea7n m\u1ed9t b\u1ed3n n\u01b0\u1edbc \u1ea5m v\u00e0 m\u1ed9t vi\u00ean bath bomb nh\u1ecf, b\u1ea1n \u0111\u00e3 c\u00f3 th\u1ec3 t\u1eadn h\u01b0\u1edfng c\u1ea3m gi\u00e1c th\u01b0 gi\u00e3n nh\u01b0 spa t\u1ea1i nh\u00e0. S\u1ea3n ph\u1ea9m ph\u00f9 h\u1ee3p v\u1edbi m\u1ecdi \u0111\u1ed9 tu\u1ed5i, \u0111\u1eb7c bi\u1ec7t l\u00e0 nh\u1eefng b\u1ea1n th\u00edch phong c\u00e1ch d\u1ec5 th\u01b0\u01a1ng, tr\u1ebb trung v\u00e0 n\u0103ng l\u01b0\u1ee3ng t\u00edch c\u1ef1c.<\/p>\n<p data-start=\"1287\" data-end=\"1611\">Ngo\u00e0i ra, <strong data-start=\"1297\" data-end=\"1321\">Candy Bomb Bath Bomb<\/strong> c\u0169ng l\u00e0 m\u00f3n qu\u00e0 t\u1eb7ng c\u1ef1c k\u1ef3 ph\u00f9 h\u1ee3p cho c\u00e1c d\u1ecbp nh\u01b0 sinh nh\u1eadt, 8\/3, 20\/10 ho\u1eb7c Valentine. M\u1ed9t vi\u00ean s\u1ee7i t\u1eafm th\u01a1m ng\u1ecdt v\u1eeba nh\u1ecf g\u1ecdn v\u1eeba \u0111\u00e1ng y\u00eau s\u1ebd khi\u1ebfn ng\u01b0\u1eddi nh\u1eadn c\u1ea3m th\u1ea5y \u0111\u01b0\u1ee3c quan t\u00e2m v\u00e0 y\u00eau chi\u1ec1u. B\u1ea1n c\u0169ng c\u00f3 th\u1ec3 k\u1ebft h\u1ee3p nhi\u1ec1u m\u00f9i kh\u00e1c nhau \u0111\u1ec3 t\u1ea1o th\u00e0nh set qu\u00e0 t\u1eb7ng xinh x\u1eafn v\u00e0 tinh t\u1ebf.<\/p>\n<p data-start=\"1613\" data-end=\"1773\">N\u1ebfu b\u1ea1n \u0111ang t\u00ecm m\u1ed9t s\u1ea3n ph\u1ea9m v\u1eeba th\u01b0 gi\u00e3n v\u1eeba mang l\u1ea1i c\u1ea3m gi\u00e1c vui v\u1ebb, <strong data-start=\"1686\" data-end=\"1710\">Candy Bomb Bath Bomb<\/strong> s\u1ebd l\u00e0 l\u1ef1a ch\u1ecdn l\u00fd t\u01b0\u1edfng \u0111\u1ec3 l\u00e0m m\u1edbi nh\u1eefng bu\u1ed5i t\u1eafm th\u01b0\u1eddng ng\u00e0y.<\/p>\n","protected":false},"excerpt":{"rendered":"<p>N\u1ebfu b\u1ea1n y\u00eau th\u00edch nh\u1eefng m\u00f9i h\u01b0\u01a1ng ng\u1ecdt ng\u00e0o v\u00e0 mu\u1ed1n bi\u1ebfn bu\u1ed5i t\u1eafm tr\u1edf n\u00ean th\u00fa v\u1ecb h\u01a1n, Candy Bomb Bath Bomb ch\u1eafc ch\u1eafn l\u00e0 l\u1ef1a ch\u1ecdn ho\u00e0n h\u1ea3o. L\u1ea5y c\u1ea3m h\u1ee9ng t\u1eeb nh\u1eefng vi\u00ean k\u1eb9o ng\u1ecdt \u0111\u00e1ng y\u00eau, s\u1ea3n ph\u1ea9m mang \u0111\u1ebfn tr\u1ea3i nghi\u1ec7m t\u1eafm b\u1ed3n th\u01b0 gi\u00e3n v\u1edbi h\u01b0\u01a1ng th\u01a1m d\u1ec5 ch\u1ecbu [&#8230;]\n","protected":false},"featured_media":311,"comment_status":"open","ping_status":"closed","template":"","meta":[],"product_brand":[],"product_cat":[18],"product_tag":[],"class_list":{"0":"post-310","1":"product","2":"type-product","3":"status-publish","4":"has-post-thumbnail","6":"product_cat-chua-phan-loai","8":"first","9":"instock","10":"shipping-taxable","11":"purchasable","12":"product-type-simple"},"yoast_head":"<!-- This site is optimized with the Yoast SEO plugin v27.1.1 - https:\/\/yoast.com\/product\/yoast-seo-wordpress\/ -->\n<title>Candy Bomb - Minat ourcandle<\/title>\n<meta name=\"description\" content=\"Candy Bomb \u00a0mang h\u01b0\u01a1ng th\u01a1m ng\u1ecdt ng\u00e0o nh\u01b0 k\u1eb9o, t\u1ea1o c\u1ea3m gi\u00e1c d\u1ec5 th\u01b0\u01a1ng v\u00e0 th\u01b0 gi\u00e3n ngay t\u1eeb l\u1ea7n \u0111\u1ea7u s\u1eed d\u1ee5ng,c\u00f3 m\u00e0u h\u1ed3ng v\u00e0 lan t\u1ecfa m\u00f9i h\u01b0\u01a1ng d\u1ecbu ng\u1ecdt\" \/>\n<meta name=\"robots\" content=\"index, follow, max-snippet:-1, max-image-preview:large, max-video-preview:-1\" \/>\n<link rel=\"canonical\" href=\"https:\/\/minat.azdigi.shop\/?product=candy-bomb\" \/>\n<meta property=\"og:locale\" content=\"vi_VN\" \/>\n<meta property=\"og:type\" content=\"article\" \/>\n<meta property=\"og:title\" content=\"Candy Bomb - Minat ourcandle\" \/>\n<meta property=\"og:description\" content=\"Candy Bomb \u00a0mang h\u01b0\u01a1ng th\u01a1m ng\u1ecdt ng\u00e0o nh\u01b0 k\u1eb9o, t\u1ea1o c\u1ea3m gi\u00e1c d\u1ec5 th\u01b0\u01a1ng v\u00e0 th\u01b0 gi\u00e3n ngay t\u1eeb l\u1ea7n \u0111\u1ea7u s\u1eed d\u1ee5ng,c\u00f3 m\u00e0u h\u1ed3ng v\u00e0 lan t\u1ecfa m\u00f9i h\u01b0\u01a1ng d\u1ecbu ng\u1ecdt\" \/>\n<meta property=\"og:url\" content=\"https:\/\/minat.azdigi.shop\/?product=candy-bomb\" \/>\n<meta property=\"og:site_name\" content=\"Minat ourcandle\" \/>\n<meta property=\"article:modified_time\" content=\"2026-04-02T11:01:08+00:00\" \/>\n<meta property=\"og:image\" content=\"https:\/\/minat.azdigi.shop\/wp-content\/uploads\/2026\/03\/tai-xuong-26.jpg\" \/>\n\t<meta property=\"og:image:width\" content=\"330\" \/>\n\t<meta property=\"og:image:height\" content=\"495\" \/>\n\t<meta property=\"og:image:type\" content=\"image\/jpeg\" \/>\n<meta name=\"twitter:card\" content=\"summary_large_image\" \/>\n<meta name=\"twitter:label1\" content=\"\u01af\u1edbc t\u00ednh th\u1eddi gian \u0111\u1ecdc\" \/>\n\t<meta name=\"twitter:data1\" content=\"1 ph\u00fat\" \/>\n<script type=\"application\/ld+json\" class=\"yoast-schema-graph\">{\"@context\":\"https:\/\/schema.org\",\"@graph\":[{\"@type\":\"WebPage\",\"@id\":\"https:\/\/minat.azdigi.shop\/?product=candy-bomb\",\"url\":\"https:\/\/minat.azdigi.shop\/?product=candy-bomb\",\"name\":\"Candy Bomb - Minat ourcandle\",\"isPartOf\":{\"@id\":\"https:\/\/minat.azdigi.shop\/#website\"},\"primaryImageOfPage\":{\"@id\":\"https:\/\/minat.azdigi.shop\/?product=candy-bomb#primaryimage\"},\"image\":{\"@id\":\"https:\/\/minat.azdigi.shop\/?product=candy-bomb#primaryimage\"},\"thumbnailUrl\":\"https:\/\/minat.azdigi.shop\/wp-content\/uploads\/2026\/03\/tai-xuong-26.jpg\",\"datePublished\":\"2026-03-27T15:46:04+00:00\",\"dateModified\":\"2026-04-02T11:01:08+00:00\",\"description\":\"Candy Bomb \u00a0mang h\u01b0\u01a1ng th\u01a1m ng\u1ecdt ng\u00e0o nh\u01b0 k\u1eb9o, t\u1ea1o c\u1ea3m gi\u00e1c d\u1ec5 th\u01b0\u01a1ng v\u00e0 th\u01b0 gi\u00e3n ngay t\u1eeb l\u1ea7n \u0111\u1ea7u s\u1eed d\u1ee5ng,c\u00f3 m\u00e0u h\u1ed3ng v\u00e0 lan t\u1ecfa m\u00f9i h\u01b0\u01a1ng d\u1ecbu ng\u1ecdt\",\"breadcrumb\":{\"@id\":\"https:\/\/minat.azdigi.shop\/?product=candy-bomb#breadcrumb\"},\"inLanguage\":\"vi\",\"potentialAction\":[{\"@type\":\"ReadAction\",\"target\":[\"https:\/\/minat.azdigi.shop\/?product=candy-bomb\"]}]},{\"@type\":\"ImageObject\",\"inLanguage\":\"vi\",\"@id\":\"https:\/\/minat.azdigi.shop\/?product=candy-bomb#primaryimage\",\"url\":\"https:\/\/minat.azdigi.shop\/wp-content\/uploads\/2026\/03\/tai-xuong-26.jpg\",\"contentUrl\":\"https:\/\/minat.azdigi.shop\/wp-content\/uploads\/2026\/03\/tai-xuong-26.jpg\",\"width\":330,\"height\":495},{\"@type\":\"BreadcrumbList\",\"@id\":\"https:\/\/minat.azdigi.shop\/?product=candy-bomb#breadcrumb\",\"itemListElement\":[{\"@type\":\"ListItem\",\"position\":1,\"name\":\"Trang ch\u1ee7\",\"item\":\"https:\/\/minat.azdigi.shop\/\"},{\"@type\":\"ListItem\",\"position\":2,\"name\":\"C\u1eeda h\u00e0ng\",\"item\":\"https:\/\/minat.azdigi.shop\/?page_id=94\"},{\"@type\":\"ListItem\",\"position\":3,\"name\":\"Candy Bomb\"}]},{\"@type\":\"WebSite\",\"@id\":\"https:\/\/minat.azdigi.shop\/#website\",\"url\":\"https:\/\/minat.azdigi.shop\/\",\"name\":\"Minat ourcandle\",\"description\":\"\",\"potentialAction\":[{\"@type\":\"SearchAction\",\"target\":{\"@type\":\"EntryPoint\",\"urlTemplate\":\"https:\/\/minat.azdigi.shop\/?s={search_term_string}\"},\"query-input\":{\"@type\":\"PropertyValueSpecification\",\"valueRequired\":true,\"valueName\":\"search_term_string\"}}],\"inLanguage\":\"vi\"}]}<\/script>\n<!-- \/ Yoast SEO plugin. -->","yoast_head_json":{"title":"Candy Bomb - Minat ourcandle","description":"Candy Bomb \u00a0mang h\u01b0\u01a1ng th\u01a1m ng\u1ecdt ng\u00e0o nh\u01b0 k\u1eb9o, t\u1ea1o c\u1ea3m gi\u00e1c d\u1ec5 th\u01b0\u01a1ng v\u00e0 th\u01b0 gi\u00e3n ngay t\u1eeb l\u1ea7n \u0111\u1ea7u s\u1eed d\u1ee5ng,c\u00f3 m\u00e0u h\u1ed3ng v\u00e0 lan t\u1ecfa m\u00f9i h\u01b0\u01a1ng d\u1ecbu ng\u1ecdt","robots":{"index":"index","follow":"follow","max-snippet":"max-snippet:-1","max-image-preview":"max-image-preview:large","max-video-preview":"max-video-preview:-1"},"canonical":"https:\/\/minat.azdigi.shop\/?product=candy-bomb","og_locale":"vi_VN","og_type":"article","og_title":"Candy Bomb - Minat ourcandle","og_description":"Candy Bomb \u00a0mang h\u01b0\u01a1ng th\u01a1m ng\u1ecdt ng\u00e0o nh\u01b0 k\u1eb9o, t\u1ea1o c\u1ea3m gi\u00e1c d\u1ec5 th\u01b0\u01a1ng v\u00e0 th\u01b0 gi\u00e3n ngay t\u1eeb l\u1ea7n \u0111\u1ea7u s\u1eed d\u1ee5ng,c\u00f3 m\u00e0u h\u1ed3ng v\u00e0 lan t\u1ecfa m\u00f9i h\u01b0\u01a1ng d\u1ecbu ng\u1ecdt","og_url":"https:\/\/minat.azdigi.shop\/?product=candy-bomb","og_site_name":"Minat ourcandle","article_modified_time":"2026-04-02T11:01:08+00:00","og_image":[{"width":330,"height":495,"url":"https:\/\/minat.azdigi.shop\/wp-content\/uploads\/2026\/03\/tai-xuong-26.jpg","type":"image\/jpeg"}],"twitter_card":"summary_large_image","twitter_misc":{"\u01af\u1edbc t\u00ednh th\u1eddi gian \u0111\u1ecdc":"1 ph\u00fat"},"schema":{"@context":"https:\/\/schema.org","@graph":[{"@type":"WebPage","@id":"https:\/\/minat.azdigi.shop\/?product=candy-bomb","url":"https:\/\/minat.azdigi.shop\/?product=candy-bomb","name":"Candy Bomb - Minat ourcandle","isPartOf":{"@id":"https:\/\/minat.azdigi.shop\/#website"},"primaryImageOfPage":{"@id":"https:\/\/minat.azdigi.shop\/?product=candy-bomb#primaryimage"},"image":{"@id":"https:\/\/minat.azdigi.shop\/?product=candy-bomb#primaryimage"},"thumbnailUrl":"https:\/\/minat.azdigi.shop\/wp-content\/uploads\/2026\/03\/tai-xuong-26.jpg","datePublished":"2026-03-27T15:46:04+00:00","dateModified":"2026-04-02T11:01:08+00:00","description":"Candy Bomb \u00a0mang h\u01b0\u01a1ng th\u01a1m ng\u1ecdt ng\u00e0o nh\u01b0 k\u1eb9o, t\u1ea1o c\u1ea3m gi\u00e1c d\u1ec5 th\u01b0\u01a1ng v\u00e0 th\u01b0 gi\u00e3n ngay t\u1eeb l\u1ea7n \u0111\u1ea7u s\u1eed d\u1ee5ng,c\u00f3 m\u00e0u h\u1ed3ng v\u00e0 lan t\u1ecfa m\u00f9i h\u01b0\u01a1ng d\u1ecbu ng\u1ecdt","breadcrumb":{"@id":"https:\/\/minat.azdigi.shop\/?product=candy-bomb#breadcrumb"},"inLanguage":"vi","potentialAction":[{"@type":"ReadAction","target":["https:\/\/minat.azdigi.shop\/?product=candy-bomb"]}]},{"@type":"ImageObject","inLanguage":"vi","@id":"https:\/\/minat.azdigi.shop\/?product=candy-bomb#primaryimage","url":"https:\/\/minat.azdigi.shop\/wp-content\/uploads\/2026\/03\/tai-xuong-26.jpg","contentUrl":"https:\/\/minat.azdigi.shop\/wp-content\/uploads\/2026\/03\/tai-xuong-26.jpg","width":330,"height":495},{"@type":"BreadcrumbList","@id":"https:\/\/minat.azdigi.shop\/?product=candy-bomb#breadcrumb","itemListElement":[{"@type":"ListItem","position":1,"name":"Trang ch\u1ee7","item":"https:\/\/minat.azdigi.shop\/"},{"@type":"ListItem","position":2,"name":"C\u1eeda h\u00e0ng","item":"https:\/\/minat.azdigi.shop\/?page_id=94"},{"@type":"ListItem","position":3,"name":"Candy Bomb"}]},{"@type":"WebSite","@id":"https:\/\/minat.azdigi.shop\/#website","url":"https:\/\/minat.azdigi.shop\/","name":"Minat ourcandle","description":"","potentialAction":[{"@type":"SearchAction","target":{"@type":"EntryPoint","urlTemplate":"https:\/\/minat.azdigi.shop\/?s={search_term_string}"},"query-input":{"@type":"PropertyValueSpecification","valueRequired":true,"valueName":"search_term_string"}}],"inLanguage":"vi"}]}},"_links":{"self":[{"href":"https:\/\/minat.azdigi.shop\/index.php?rest_route=\/wp\/v2\/product\/310","targetHints":{"allow":["GET"]}}],"collection":[{"href":"https:\/\/minat.azdigi.shop\/index.php?rest_route=\/wp\/v2\/product"}],"about":[{"href":"https:\/\/minat.azdigi.shop\/index.php?rest_route=\/wp\/v2\/types\/product"}],"replies":[{"embeddable":true,"href":"https:\/\/minat.azdigi.shop\/index.php?rest_route=%2Fwp%2Fv2%2Fcomments&post=310"}],"wp:featuredmedia":[{"embeddable":true,"href":"https:\/\/minat.azdigi.shop\/index.php?rest_route=\/wp\/v2\/media\/311"}],"wp:attachment":[{"href":"https:\/\/minat.azdigi.shop\/index.php?rest_route=%2Fwp%2Fv2%2Fmedia&parent=310"}],"wp:term":[{"taxonomy":"product_brand","embeddable":true,"href":"https:\/\/minat.azdigi.shop\/index.php?rest_route=%2Fwp%2Fv2%2Fproduct_brand&post=310"},{"taxonomy":"product_cat","embeddable":true,"href":"https:\/\/minat.azdigi.shop\/index.php?rest_route=%2Fwp%2Fv2%2Fproduct_cat&post=310"},{"taxonomy":"product_tag","embeddable":true,"href":"https:\/\/minat.azdigi.shop\/index.php?rest_route=%2Fwp%2Fv2%2Fproduct_tag&post=310"}],"curies":[{"name":"wp","href":"https:\/\/api.w.org\/{rel}","templated":true}]}}